+ j. Let c(g) = -g**3 - g**2 - 2*g. Let k be c(-2). Let w = k + j. What is the units digit of w?
1
Suppose 2*d - 21 = 37. Let x = d + -7. What is the tens digit of x?
2
Let t = -29 - -1766. Suppose -t = -13*k + 4*k. What is the hundreds digit of k?
1
Let m(z) be the second derivative of -11*z**3/6 - 2*z**2 - 6*z. What is the tens digit of m(-4)?
4
Let k(q) = q**2 - 11*q + 3. Let z be k(6). Let c = 27 + z. Suppose c = t + 4*t + 20, 3*x + t - 158 = 0. What is the units digit of x?
4
Suppose 2*d + 772 = 4*j, -5*d = -j - 2*j + 579. What is the units digit of j?
3
Suppose -351 = -3*r - p, 7*p + 452 = 4*r + 3*p. What is the tens digit of r?
1
Let x = -857 + 1202. What is the units digit of x?
5
Suppose -3*c + 5422 + 4935 = 4*j, 2*j - 13826 = -4*c. What is the thousands digit of c?
3
Let b = -1 - -5. Let t(x) = x**2 - 5*x + 10. Let f be t(b). Suppose -f*a + 99 = -3*a. What is the tens digit of a?
3
Suppose 2*h - j = 911, -4*h + 918 = 3*j - 929. What is the tens digit of h?
5
Let s = 726 - 51. What is the hundreds digit of s?
6
Suppose h = -3*o + 2*h + 12286, 2*h = -2*o + 8204. What is the units digit of o?
7
Let r(m) be the second derivative of -17*m**5/5 - 5*m**4/12 - m**3/3 - m**2/2 + 25*m. What is the tens digit of r(-1)?
6
Let n = 62 + -60. Suppose n*s + s - 230 = z, -s - 5*z = -98. What is the tens digit of s?
7
Let q(p) = -3*p**3 + 4*p**2 - 6*p - 2. Let r(j) = -j**3. Let z(g) = q(g) - 4*r(g). Let m be z(-4). Suppose -2*w + m = -110. What is the units digit of w?
6
Let h(y) = y**2 - y - 1. Let z(i) = 2*i**2 + 6*i - 2. Let u(v) = h(v) - z(v). Let s be u(-6). What is the tens digit of 18/63 + 201/s?
2
Let d(m) = -4*m**3 - 8*m**2 - m + 5. Let o be d(-3). Suppose 0*l + 5*l = p + 122, 2*p = 2*l - o. What is the units digit of l?
5
Let y = -19 + 24. Suppose y*d = o - 72, -5*o - 3*d + 325 = -35. What is the units digit of o?
2
What is the hundreds digit of (-15714)/(-18) + (-6 - -1)?
8
Suppose -4*n = -5*w + 9754, -2*w - 5*n + 695 = -3200. What is the thousands digit of w?
1
Let v = -54 - -59. Suppose -3*g + g - 5*d + 229 = 0, g = v*d + 152. What is the units digit of g?
7
Suppose 3*x + 3*o - 18 + 6 = 0, 4*x = 3*o + 51. Suppose -1 + x = j. Suppose -q + j*s + 6 = 4*s, -2*q + 16 = -4*s. What is the tens digit of q?
1
Suppose 0 = -5*g + 17 + 43. Suppose -9*s + g*s = 12. What is the units digit of (s - 8) + 58 - 4?
0
Let v(o) = -o**2 - 5*o - 2. Let h be v(-3). What is the units digit of (20/h)/5 - -134?
5
Let h(s) = 20*s**2 + 2*s - 29. What is the tens digit of h(-6)?
7
Suppose -9*j - 13830 + 41730 = 0. What is the tens digit of j?
0
Suppose -96730 = 42*g - 76*g. What is the thousands digit of g?
2
Let f(r) = r**3 - r**2 + 18*r - 18. What is the tens digit of f(8)?
7
Suppose 0 = -2*a + k + 54, -a - 3*k + 23 = -11. Suppose a = q - 32. What is the tens digit of q?
6
What is the thousands digit of 22254/8 + (-41)/(-164)?
2
Let y(a) = -a - 2*a + a + 26. Let w be y(11). Suppose b = -w*b + 150. What is the tens digit of b?
3
Suppose 24*r = 1804 + 7364. What is the hundreds digit of r?
3
Let j(w) = -5*w**3 - w**2 + 1. Let a be (2 + -3)/(0 + 1). Let o be j(a). Suppose m - 2*m = k - 28, 4*k + o*m - 117 = 0. What is the tens digit of k?
2
What is the tens digit of (10 - 8) + 406*1?
0
Suppose 3*j - 6*j + 15 = 0. Suppose -j*r = 27 - 247. What is the tens digit of r?
4
Suppose -3*k + k = -5*w - 844, -3*w - 2129 = -5*k. What is the units digit of k?
7
Suppose 20*n = 28*n - 264. What is the units digit of n?
3
Suppose 373 + 137 = 10*q. What is the units digit of q?
1
Suppose 0 = 3*i + 5*y - 348, 0 = -8*i + 4*i + 4*y + 496. What is the hundreds digit of i?
1
Let a be (-18)/(-12) + 2/4. Suppose -a*w = -0*w - 4. Suppose -31 = -w*l + 21. What is the units digit of l?
6
Let r = 11 - -4. Suppose n - 6*n - 18 = 3*u, 5*n + r = 0. What is the units digit of -2 + (0 - 4)*u?
2
Let x(h) = 10*h - 2*h - 4*h - 4 + 0. Let c be x(10). Suppose -g + c = -0*g. What is the units digit of g?
6
Let i = -103 + 180. Let a = i + -21. What is the tens digit of a?
5
Suppose -3*x - 4*x = 7. What is the hundreds digit of 3*((-232)/(-6))/(x - -2)?
1
Suppose 0 = 14*i - 11*i - 561. Suppose 0 = -j - 2*j - 5*c + i, 5*j - c = 265. What is the units digit of j?
4
Suppose 0 = 3*f - 10 + 4. Suppose 0 = 2*w + f, 5*z + 1 = -3*w - 17. What is the tens digit of (-5)/z*(0 + 12)?
2
Let r(h) = -2*h. Let c be r(-3). Suppose 0 = -w - 4*v + c*v + 186, -v - 930 = -5*w. What is the units digit of w?
6
What is the units digit of ((-20)/12 - 1)*204*-1?
4
Suppose w = -5, 365 = 3*i - 2*i - 2*w. What is the units digit of i?
5
Let a(o) = o - 1. Suppose 0 = -k + 4*k - 3*v + 12, 14 = -5*k - v. Let h(p) = -6*p + 14. Let u(d) = k*a(d) - h(d). What is the units digit of u(11)?
2
Suppose -25*b - 120 = -30*b. Suppose -2*v = 2*q - 4*v - 20, 2*q = -2*v + b. What is the tens digit of q?
1
Let t = -961 + 1711. What is the tens digit of t?
5
Let q = -1619 + 4043. What is the thousands digit of q?
2
Suppose 7*q - 496 - 330 = 0. Suppose q = 6*o - 272. What is the tens digit of o?
6
What is the thousands digit of 1056 + 196 - (-6 - -1)?
1
Let l(i) = -3*i + 4*i + 2*i**3 - 3*i**2 + 39 - 40. Suppose 3 = 5*m - 12. What is the units digit of l(m)?
9
Suppose 5 = -3*s + 11. Let m(u) = u**3 - u**2 + 7*u**s - 2*u - 2*u**2 - 2. What is the tens digit of m(-3)?
1
Let r = 5 - 1. Let z = r - 3. What is the units digit of z + (-4 - (-40 - 0))?
7
Let s(q) = q**3 - 8*q**2 - 7*q + 10. Let i(h) = 6*h - 43. Let b be i(9). What is the units digit of s(b)?
6
Let b(j) = 6*j**3 + j**2 - j. Let w(h) = 10*h**3 - h**2 + h - 1. Let d be w(1). Suppose -q = 5*v + q - d, 4*v + 2*q - 8 = 0. What is the units digit of b(v)?
6
Suppose 5*k - p + 115 = 1826, 4*k = p + 1368. What is the hundreds digit of k?
3
Suppose 0 = 2*o - 4*c - 2638, 5*o - 10*o = -3*c - 6623. Suppose 2*d - d = -5*b + o, 5*b = 2*d + 1336. What is the hundreds digit of b?
2
Let x(m) = -10*m**3 + 5 + 9*m**3 + 9*m**2 + 14 + 3*m. What is the units digit of x(8)?
7
Let b be 1 + -19 - -2 - 1. Let d = b + 13. What is the tens digit of -10*7/(14/d)?
2
Let v = -1 + 472. What is the tens digit of v?
7
Let s be ((-1)/((-1)/(-1)))/(4/(-892)). Let w = -97 + s. What is the hundreds digit of w?
1
Let j(c) = 3*c**3 + c**2 - 5*c - 2. Let n be j(-3). Let i = 112 + n. What is the tens digit of i?
5
Suppose -2*o = -5*o - 4*u + 60, -3*o - 5*u = -60. Suppose 0 = 4*p - o + 4. Suppose 0 = -4*v - 0*v + 12, -p*v = c - 56. What is the tens digit of c?
4
Let g(y) = -y + 8. What is the units digit of g(4)?
4
Suppose -5*o = 23*x - 18*x - 1870, 2*o = -8. What is the hundreds digit of x?
3
Let q(n) = 5*n**2 + 2. Let x = -27 - -25. What is the tens digit of q(x)?
2
Let o = -735 - -1331. What is the tens digit of o?
9
Let t = 4 - -33. Let v = -11 + t. What is the tens digit of v?
2
Suppose 0 = -26*n + 30*n - 8. Let m(l) = -2*l**3 - 3*l**2 + l**3 + 2 + 13*l + 0*l**n. What is the tens digit of m(-6)?
3
What is the units digit of 1321/3 + (-15)/45?
0
Let l(q) = -30*q + 2. Let c be l(-3). Suppose -2*h = y - 3*h - c, -72 = -y + 5*h. What is the units digit of y?
7
What is the units digit of -1 + (-90)/(-102) - (-4405)/17?
9
Suppose 1 = -4*q - 3*n, -2*q + 0*n + 4*n - 28 = 0. Let u = -9 - 20. Let l = q - u. What is the tens digit of l?
2
Let c = 702 + -515. What is the units digit of c?
7
Suppose m - 3019 = -4*b, -162 - 614 = -b + 4*m. Suppose -5*a - b = -9*a. What is the hundreds digit of a?
1
Let v be ((-40)/(-12))/(3/(-72)). Let c be 1*-1*(7 + v). Suppose -l + x = 2*l - 82, 0 = 2*l + 3*x - c. What is the units digit of l?
9
Suppose -27 = l + 4*g - 6, -4*g - 25 = 5*l. What is the hundreds digit of 4/(-12)*543/l?
1
Let y(l) = -3668*l**3 + 12*l**2 + 13*l. What is the tens digit of y(-1)?
6
Let h be 44/6 + 48/(-36). Suppose h*z + 244 = 7*z. What is the hundreds digit of z?
2
Suppose 8*h - 220 = -4*y + 4*h, 0 = 5*y - 5*h - 275. Suppose y = 5*m - 110. What is the units digit of m?
3
Suppose 20*x = 4*x + 14080. What is the tens digit of x?
8
Let m = -10 - -20. Let o = m + -7. Suppose o*c = 5*c - 34. What is the tens digit of c?
1
Let h be ((-28)/(-12))/((-1)/(-3)). Suppose -603 = 4*a - h*a. Suppose -5*l - 2*p = -a - 6, -4*p = 2*l - 70. What is the tens digit of l?
4
Suppose 3*n = 168 + 81. Let l(y) = 2*y**3 - 2*y**2 - 4*y - 8. Let s be l(3). Sup